 86017
List the prime factors of 1000377777.
3, 7, 223, 30517
What are the prime factors of 169198731?
3, 13, 29, 47, 1061
List the prime factors of 126081533.
37, 3407609
What are the prime factors of 1234458370?
2, 5, 29, 349, 12197
What are the prime factors of 104841062?
2, 3607, 14533
What are the prime factors of 114295118?
2, 7, 43, 189859
What are the prime factors of 462996857?
462996857
What are the prime factors of 1348911902?
2, 13, 1489, 34843
What are the prime factors of 2996489250?
2, 3, 5, 1331773
What are the prime factors of 5217586545?
3, 5, 181, 1921763
List the prime factors of 1666960276.
2, 59, 107, 251, 263
What are the prime factors of 57347934?
2, 3, 7, 107, 1823
What are the prime factors of 21083982?
2, 3, 3513997
List the prime factors of 11572066.
2, 11, 61, 8623
What are the prime factors of 114772520?
2, 5, 37, 77549
What are the prime factors of 2232243287?
2232243287
List the prime factors of 16748684.
2, 59, 70969
What are the prime factors of 2818903103?
53, 73, 827, 881
List the prime factors of 1423923654.
2, 3, 101, 2349709
List the prime factors of 754007000.
2, 5, 269, 2803
What are the prime factors of 14188884?
2, 3, 23, 101, 509
List the prime factors of 85207884.
2, 3, 7100657
What are the prime factors of 4577951806?
2, 353, 6484351
What are the prime factors of 974807003?
974807003
List the prime factors of 28111130.
2, 5, 2811113
What are the prime factors of 35226068?
2, 29, 59, 5147
What are the prime factors of 152150266?
2, 109, 697937
What are the prime factors of 50199631?
50199631
What are the prime factors of 270863941?
17, 103, 154691
What are the prime factors of 386805698?
2, 1289, 150041
List the prime factors of 244542855.
3, 5, 16302857
List the prime factors of 1218471492.
2, 3, 7, 31, 491, 953
What are the prime factors of 360177310?
2, 5, 36017731
What are the prime factors of 1340787867?
3, 446929289
List the prime factors of 39190968.
2, 3, 157, 3467
What are the prime factors of 1723156922?
2, 4261, 202201
What are the prime factors of 27692388?
2, 3, 17, 15083
What are the prime factors of 136155081?
3, 4021, 11287
What are the prime factors of 3793613057?
13, 291816389
List the prime factors of 493851936.
2, 3, 47, 109453
What are the prime factors of 36951681?
3, 13, 72883
List the prime factors of 439625912.
2, 11, 454159
What are the prime factors of 1592942230?
2, 5, 11, 439, 32987
List the prime factors of 720863926.
2, 257, 1402459
List the prime factors of 83872970.
2, 5, 8387297
What are the prime factors of 209640492?
2, 3, 23, 47, 5387
What are the prime factors of 130140952?
2, 2399, 6781
What are the prime factors of 6764821?
7, 37, 26119
What are the prime factors of 8585629813?
37, 232044049
List the prime factors of 83189470.
2, 5, 7, 13, 113, 809
List the prime factors of 519175873.
83, 127, 49253
List the prime factors of 48127268.
2, 7, 881, 1951
What are the prime factors of 87717526?
2, 13, 1567, 2153
What are the prime factors of 45860788?
2, 271, 42307
What are the prime factors of 28689613?
29, 347, 2851
List the prime factors of 118438167.
3, 17, 47, 49411
List the prime factors of 4305922.
2, 23, 93607
List the prime factors of 960782697.
3, 7, 15250519
List the prime factors of 6322270041.
3, 702474449
List the prime factors of 89474982.
2, 3, 113, 131969
List the prime factors of 8071704692.
2, 2017926173
List the prime factors of 20173027.
7, 2881861
What are the prime factors of 1268812072?
2, 11, 14418319
List the prime factors of 452653167.
3, 3691, 40879
What are the prime factors of 3035870466?
2, 3, 505978411
What are the prime factors of 33477876?
2, 3, 929941
List the prime factors of 57574096.
2, 3598381
What are the prime factors of 391311684?
2, 3, 10869769
What are the prime factors of 228139573?
61, 3739993
What are the prime factors of 774641496?
2, 3, 1637, 19717
What are the prime factors of 2798258639?
11, 953, 266933
List the prime factors of 167343100.
2, 5, 43, 38917
List the prime factors of 34140170.
2, 5, 3414017
List the prime factors of 17627562.
2, 3, 179, 5471
List the prime factors of 74457133.
31, 89, 26987
List the prime factors of 5925149.
47, 126067
List the prime factors of 792036467.
37, 21406391
What are the prime factors of 1341219399?
3, 13, 5591, 6151
What are the prime factors of 65477735?
5, 31, 13627
List the prime factors of 175410627.
3, 7, 23, 47, 7727
What are the prime factors of 2419766041?
7, 11, 383, 82051
List the prime factors of 141907843.
7, 11, 191, 9649
What are the prime factors of 1997239584?
2, 3, 197, 105607
List the prime factors of 58538375.
5, 7, 149, 449
What are the prime factors of 41815796?
2, 11, 29, 32771
What are the prime factors of 13365832?
2, 61, 449
What are the prime factors of 25157?
11, 2287
List the prime factors of 68287195.
5, 2141, 6379
List the prime factors of 1682185067.
1682185067
What are the prime factors of 56383236?
2, 3, 7, 13, 5737
What are the prime factors of 101477547?
3, 11275283
What are the prime factors of 376869218?
2, 11, 19, 47, 19183
List the prime factors of 860786550.
2, 3, 5, 13, 269, 547
List the prime factors of 256655692.
2, 64163923
What are the prime factors of 5074808983?
5074808983
List the prime factors of 34567117.
13, 463, 5743
What are the prime factors of 280167077?
280167077
List the prime factors of 20738431.
7, 101, 29333
List the prime factors of 2337175353.
3, 12143, 64157
List the prime factors of 77244958.
2, 7, 5517497
What are the prime factors of 222718419?
3, 7, 11, 321383
List the prime factors of 797644925.
5, 7, 11, 414361
List the prime factors of 961648281.
3, 11, 1079291
List the prime factors of 108817302.
2, 3, 11, 263, 6269
What are the prime factors of 109705971?
3, 36568657
List the prime factors of 88336055.
5, 113, 156347
List the prime factors of 4663781.
4663781
List the prime factors of 175521507.
3, 7, 8358167
List the prime factors of 6007639898.
2, 13, 197, 227, 5167
List the prime factors of 873238121.
7, 691, 180533
What are the prime factors of 627223506?
2, 3, 7, 13, 1148761
List the prime factors of 270932165.
5, 7, 1607, 4817
List the prime factors of 2953129958.
2, 251, 5882729
What are the prime factors of 116275056?
2, 3, 887, 2731
What are the prime factors of 212549501?
73, 967, 3011
List the prime factors of 3278482335.
3, 5, 29, 1409, 1783
What are the prime factors of 2752176594?
2, 3, 458696099
List the prime factors of 84572226.
2, 3, 4698457
What are the prime factors of 2263841958?
2, 3, 7, 17, 71, 44657
List the prime factors of 8198074056.
2, 3, 103, 1117, 2969
What are the prime factors of 952223859?
3, 101, 1047551
What are the prime factors of 363486283?
19, 19130857
What are the prime factors of 456096286?
2, 2917, 78179
What are the prime factors of 756041696?
2, 211, 111973
List the prime factors of 21160667.
11, 23, 83639
What are the prime factors of 2932651359?
3, 11, 9874247
What are the prime factors of 339092098?
2, 17, 9973297
What are the prime factors of 351021?
3, 11, 967
List the prime factors of 822151560.
2, 3, 5, 23, 297881
List the prime factors of 451821341.
199, 2270459
List the prime factors of 740143780.
2, 5, 47, 251, 3137
What are the prime factors of 395780429?
11, 29, 1240691
What are the prime factors of 6730806?
2, 3, 41, 27361
What are the prime factors of 6142359939?
3, 821, 2493853
List the prime factors of 86814894.
2, 3, 3229, 4481
List the prime factors of 820977914.
2, 10973, 37409
What are the prime factors of 651234855?
3, 5, 43415657
What are the prime factors of 61573740?
2, 3, 5, 1026229
List the prime factors of 153333774.
2, 3, 11, 163, 4751
What are the prime factors of 82187672?
2, 7, 293, 5009
What are the prime factors of 28008565?
5, 13, 19, 22679
List the prime factors of 154325387.
71, 179, 12143
List the prime factors of 569976786.
2, 3, 37, 855821
List the prime factors of 5431766172.
2, 3, 7, 64663883
List the prime factors of 753552883.
383, 1967501
List the prime factors of 1174274073.
3, 7, 2662753
List the prime factors of 98848016.
2, 37, 166973
What are the prime factors of 17784646?
2, 11, 19, 157, 271
List the prime factors of 79389609.
3, 13, 17, 61, 151
List the prime factors of 1304266623.
3, 11, 3593021
What are